{"id":228,"date":"2020-07-30T17:40:36","date_gmt":"2020-07-30T16:40:36","guid":{"rendered":"https:\/\/hgv-unterliederbach.de\/?page_id=228"},"modified":"2020-08-22T13:16:08","modified_gmt":"2020-08-22T11:16:08","slug":"datenschutz","status":"publish","type":"page","link":"https:\/\/hgv-unterliederbach.de\/?page_id=228","title":{"rendered":"Datenschutz"},"content":{"rendered":"\t\t<div data-elementor-type=\"wp-page\" data-elementor-id=\"228\" class=\"elementor elementor-228\">\n\t\t\t\t\t\t<section class=\"elementor-section elementor-top-section elementor-element elementor-element-71c0400 elementor-section-boxed elementor-section-height-default elementor-section-height-default\" data-id=\"71c0400\" data-element_type=\"section\" data-e-type=\"section\">\n\t\t\t\t\t\t<div class=\"elementor-container elementor-column-gap-default\">\n\t\t\t\t\t<div class=\"elementor-column elementor-col-100 elementor-top-column elementor-element elementor-element-2ef63af\" data-id=\"2ef63af\" data-element_type=\"column\" data-e-type=\"column\">\n\t\t\t<div class=\"elementor-widget-wrap elementor-element-populated\">\n\t\t\t\t\t\t<div class=\"elementor-element elementor-element-b5b1daa elementor-widget elementor-widget-heading\" data-id=\"b5b1daa\" data-element_type=\"widget\" data-e-type=\"widget\" data-widget_type=\"heading.default\">\n\t\t\t\t<div class=\"elementor-widget-container\">\n\t\t\t\t\t<h1 class=\"elementor-heading-title elementor-size-default\">Datenschutz<\/h1>\t\t\t\t<\/div>\n\t\t\t\t<\/div>\n\t\t\t\t\t<\/div>\n\t\t<\/div>\n\t\t\t\t\t<\/div>\n\t\t<\/section>\n\t\t\t\t<section class=\"elementor-section elementor-top-section elementor-element elementor-element-4fa2dfef elementor-section-boxed elementor-section-height-default elementor-section-height-default\" data-id=\"4fa2dfef\" data-element_type=\"section\" data-e-type=\"section\">\n\t\t\t\t\t\t<div class=\"elementor-container elementor-column-gap-default\">\n\t\t\t\t\t<div class=\"elementor-column elementor-col-100 elementor-top-column elementor-element elementor-element-a2bfbd3\" data-id=\"a2bfbd3\" data-element_type=\"column\" data-e-type=\"column\">\n\t\t\t<div class=\"elementor-widget-wrap elementor-element-populated\">\n\t\t\t\t\t\t<div class=\"elementor-element elementor-element-1f739846 elementor-widget elementor-widget-text-editor\" data-id=\"1f739846\" data-element_type=\"widget\" data-e-type=\"widget\" data-widget_type=\"text-editor.default\">\n\t\t\t\t<div class=\"elementor-widget-container\">\n\t\t\t\t\t\t\t\t\t<p><\/p>\n<p>Zum 25. Mai 2018 tritt die neue EU &#8211; Datenschutz &#8211; Grundverordnung (DSGVO) in Kraft.<br \/><br \/>Wir m\u00f6chten Sie hiermit informieren, dass Ihre bei dem Heimat- und Geschichtsverein Unterliederbach e.V. (HGV) gespeicherten Daten nur f\u00fcr die im Verein notwendigen Verwaltungsabl\u00e4ufe im Rahmen Ihrer Mitgliedschaft genutzt werden. Als das w\u00e4ren: Einladungen im Namen des HGV, Gru\u00dfkarten zu Ihrem Jahrestag, Buchungsvorg\u00e4nge f\u00fcr den Mitgliedsbeitrag sowie weiterer Schriftverkehr, der ausschlie\u00dflich im Rahmen Ihrer Mitgliedschaft f\u00fcr den HGV durchgef\u00fchrt wird.<br \/><br \/>Aus den genannten Gr\u00fcnden speichern wir die Adressen unserer Mitglieder mit Namen, Vornamen, Konten-Daten, Geburtsdatum und HGV-Eintrittsdatum.<br \/><br \/>Bei einem Austritt aus dem Heimat- und Geschichtsverein Unterliederbach e.V. werden diese Daten gel\u00f6scht.<br \/><br \/>Auf den durch den HGV aus- und durchgef\u00fchrten Festen, Veranstaltungen und Ausfl\u00fcgen werden auch Fotos und Bilder f\u00fcr den Verein und seine Homepage gemacht. Mit der Teilnahme auf einer durch den HGV durchgef\u00fchrten oder an der HGV beteiligten Veranstaltung stimmen Sie vorab einer etwaigen Ver\u00f6ffentlichung im Rahmen einer HGV &#8211; Publikation (Homepage, HGV-Informationsflyer, Brosch\u00fcre und sonstige mit Bildern hinterlegten Herausgaben des HGV) zu.<br \/><br \/>Wir informieren Sie dar\u00fcber, dass Sie gem\u00e4\u00df Artikel 15 ff. DSGVO uns gegen\u00fcber unter den dort definierten Voraussetzungen das Recht auf Auskunft \u00fcber die betreffenden personenbezogenen Daten sowie auf Berichtigung oder L\u00f6schung oder auf Einschr\u00e4nkung der Verarbeitung, ein Widerspruchsrecht gegen die Verarbeitung sowie das Recht auf Daten\u00fcbertragbarkeit haben. Auch haben Sie gem\u00e4\u00df Artikel 77 DSGVO das Recht der Beschwerde bei einer Datenschutz-Aufsichtsbeh\u00f6rde, wenn Sie der Ansicht sind, dass die Verarbeitung der Sie betreffenden personenbezogenen Daten gegen diese Verordnung verst\u00f6\u00dft. Wenn die Verarbeitung auf einer Einwilligung Ihrerseits beruht (vgl. Art. 6 DSGVO Abs. (1) lit. a), Art. 9 DSGVO Abs. (2) lit. a), haben Sie ferner das Recht, die Einwilligung jederzeit zu widerrufen, ohne dass die Rechtm\u00e4\u00dfigkeit der aufgrund der Einwilligung bis zum Widerruf erfolgten Verarbeitung ber\u00fchrt wird<br \/><br \/>Mit den Mitgliederdaten vertraute Personen ist nur der gesch\u00e4ftsf\u00fchrende Vorstand (zu ersehen unter der Seite Kontakt).<br \/><br \/>Einen Newsletter-Versand gibt es durch den HGV nicht.<\/p>\n<p><\/p>\t\t\t\t\t\t\t\t<\/div>\n\t\t\t\t<\/div>\n\t\t\t\t\t<\/div>\n\t\t<\/div>\n\t\t\t\t\t<\/div>\n\t\t<\/section>\n\t\t\t\t<\/div>\n\t\t","protected":false},"excerpt":{"rendered":"<p>Datenschutz Zum 25. Mai 2018 tritt die neue EU &#8211; Datenschutz &#8211; Grundverordnung (DSGVO) in Kraft. Wir m\u00f6chten Sie hiermit informieren, dass Ihre bei dem Heimat- und Geschichtsverein Unterliederbach e.V.&hellip;<\/p>\n","protected":false},"author":1,"featured_media":0,"parent":230,"menu_order":0,"comment_status":"closed","ping_status":"closed","template":"elementor_header_footer","meta":{"footnotes":""},"class_list":["post-228","page","type-page","status-publish","hentry"],"_links":{"self":[{"href":"https:\/\/hgv-unterliederbach.de\/index.php?rest_route=\/wp\/v2\/pages\/228","targetHints":{"allow":["GET"]}}],"collection":[{"href":"https:\/\/hgv-unterliederbach.de\/index.php?rest_route=\/wp\/v2\/pages"}],"about":[{"href":"https:\/\/hgv-unterliederbach.de\/index.php?rest_route=\/wp\/v2\/types\/page"}],"author":[{"embeddable":true,"href":"https:\/\/hgv-unterliederbach.de\/index.php?rest_route=\/wp\/v2\/users\/1"}],"replies":[{"embeddable":true,"href":"https:\/\/hgv-unterliederbach.de\/index.php?rest_route=%2Fwp%2Fv2%2Fcomments&post=228"}],"version-history":[{"count":3,"href":"https:\/\/hgv-unterliederbach.de\/index.php?rest_route=\/wp\/v2\/pages\/228\/revisions"}],"predecessor-version":[{"id":1206,"href":"https:\/\/hgv-unterliederbach.de\/index.php?rest_route=\/wp\/v2\/pages\/228\/revisions\/1206"}],"up":[{"embeddable":true,"href":"https:\/\/hgv-unterliederbach.de\/index.php?rest_route=\/wp\/v2\/pages\/230"}],"wp:attachment":[{"href":"https:\/\/hgv-unterliederbach.de\/index.php?rest_route=%2Fwp%2Fv2%2Fmedia&parent=228"}],"curies":[{"name":"wp","href":"https:\/\/api.w.org\/{rel}","templated":true}]}}