{"id":1243,"date":"2020-08-23T13:40:08","date_gmt":"2020-08-23T11:40:08","guid":{"rendered":"https:\/\/hgv-unterliederbach.de\/?page_id=1243"},"modified":"2020-08-23T13:47:35","modified_gmt":"2020-08-23T11:47:35","slug":"links","status":"publish","type":"page","link":"https:\/\/hgv-unterliederbach.de\/?page_id=1243","title":{"rendered":"Links"},"content":{"rendered":"\t\t<div data-elementor-type=\"wp-page\" data-elementor-id=\"1243\" class=\"elementor elementor-1243\">\n\t\t\t\t\t\t<section class=\"elementor-section elementor-top-section elementor-element elementor-element-a18c6f1 elementor-section-boxed elementor-section-height-default elementor-section-height-default\" data-id=\"a18c6f1\" data-element_type=\"section\" data-e-type=\"section\">\n\t\t\t\t\t\t<div class=\"elementor-container elementor-column-gap-default\">\n\t\t\t\t\t<div class=\"elementor-column elementor-col-100 elementor-top-column elementor-element elementor-element-b05c946\" data-id=\"b05c946\" data-element_type=\"column\" data-e-type=\"column\">\n\t\t\t<div class=\"elementor-widget-wrap elementor-element-populated\">\n\t\t\t\t\t\t<div class=\"elementor-element elementor-element-89a81cf elementor-widget elementor-widget-heading\" data-id=\"89a81cf\" data-element_type=\"widget\" data-e-type=\"widget\" data-widget_type=\"heading.default\">\n\t\t\t\t<div class=\"elementor-widget-container\">\n\t\t\t\t\t<h1 class=\"elementor-heading-title elementor-size-default\">Links<\/h1>\t\t\t\t<\/div>\n\t\t\t\t<\/div>\n\t\t\t\t\t<\/div>\n\t\t<\/div>\n\t\t\t\t\t<\/div>\n\t\t<\/section>\n\t\t\t\t<section class=\"elementor-section elementor-top-section elementor-element elementor-element-d07a96d elementor-section-boxed elementor-section-height-default elementor-section-height-default\" data-id=\"d07a96d\" data-element_type=\"section\" data-e-type=\"section\">\n\t\t\t\t\t\t<div class=\"elementor-container elementor-column-gap-default\">\n\t\t\t\t\t<div class=\"elementor-column elementor-col-33 elementor-top-column elementor-element elementor-element-c5c7ab1\" data-id=\"c5c7ab1\" data-element_type=\"column\" data-e-type=\"column\">\n\t\t\t<div class=\"elementor-widget-wrap\">\n\t\t\t\t\t\t\t<\/div>\n\t\t<\/div>\n\t\t\t\t<div class=\"elementor-column elementor-col-33 elementor-top-column elementor-element elementor-element-86b671e\" data-id=\"86b671e\" data-element_type=\"column\" data-e-type=\"column\">\n\t\t\t<div class=\"elementor-widget-wrap elementor-element-populated\">\n\t\t\t\t\t\t<div class=\"elementor-element elementor-element-cec9d4f elementor-widget elementor-widget-text-editor\" data-id=\"cec9d4f\" data-element_type=\"widget\" data-e-type=\"widget\" data-widget_type=\"text-editor.default\">\n\t\t\t\t<div class=\"elementor-widget-container\">\n\t\t\t\t\t\t\t\t\t<p style=\"text-align: center;\"><span class=\"ff3 fc0 fs12 \"><a class=\"ImLink\" title=\"\" href=\"http:\/\/www.stadtverband.de\" target=\"_blank\" rel=\"noopener\">Stadtverband Frankfurter Vereinsringe e.V.<\/a><\/span><span class=\"ff2 fc0 fs10 \"> <br \/><a class=\"ImLink\" title=\"\"><br \/><\/a><\/span><span class=\"ff3 fc0 fs12 \"><a class=\"ImLink\" title=\"\" href=\"http:\/\/www.vereinsring-unterliederbach.de\" target=\"_blank\" rel=\"noopener\">Vereinsring Unterliederbach e.V.<\/a><br \/><br \/><a class=\"ImLink\" title=\"\" href=\"http:\/\/www.fnp.de\/hk\/index.htm\" target=\"_blank\" rel=\"noopener\">H\u00f6chster Kreisblatt<\/a><\/span><span class=\"ff2 fc0 fs10 \"><br \/><br \/><\/span><a href=\"http:\/\/www.fr-online.de\" target=\"_blank\" rel=\"noopener\"><span class=\"ff3 fc0 fs12 \"> Frankfurter Rundschau<\/span><\/a><span class=\"ff2 fc0 fs10 \"><br \/><br \/><\/span><span class=\"ff3 fc0 fs12 \"><a class=\"ImLink\" title=\"\" href=\"http:\/\/www.juergen-lange.de\" target=\"_blank\" rel=\"noopener\">J\u00fcrgen Lange<\/a><\/span><span class=\"ff3 fc0 fs10 \"> <br \/>(Eine Seite \u00fcber Unterliederbach)<\/span><\/p>\t\t\t\t\t\t\t\t<\/div>\n\t\t\t\t<\/div>\n\t\t\t\t\t<\/div>\n\t\t<\/div>\n\t\t\t\t<div class=\"elementor-column elementor-col-33 elementor-top-column elementor-element elementor-element-467c80e\" data-id=\"467c80e\" data-element_type=\"column\" data-e-type=\"column\">\n\t\t\t<div class=\"elementor-widget-wrap\">\n\t\t\t\t\t\t\t<\/div>\n\t\t<\/div>\n\t\t\t\t\t<\/div>\n\t\t<\/section>\n\t\t\t\t<section class=\"elementor-section elementor-top-section elementor-element elementor-element-f98c775 elementor-section-boxed elementor-section-height-default elementor-section-height-default\" data-id=\"f98c775\" data-element_type=\"section\" data-e-type=\"section\">\n\t\t\t\t\t\t<div class=\"elementor-container elementor-column-gap-default\">\n\t\t\t\t\t<div class=\"elementor-column elementor-col-100 elementor-top-column elementor-element elementor-element-6e7eb9b\" data-id=\"6e7eb9b\" data-element_type=\"column\" data-e-type=\"column\">\n\t\t\t<div class=\"elementor-widget-wrap elementor-element-populated\">\n\t\t\t\t\t\t<div class=\"elementor-element elementor-element-e9be0ed elementor-widget elementor-widget-spacer\" data-id=\"e9be0ed\" data-element_type=\"widget\" data-e-type=\"widget\" data-widget_type=\"spacer.default\">\n\t\t\t\t<div class=\"elementor-widget-container\">\n\t\t\t\t\t\t\t<div class=\"elementor-spacer\">\n\t\t\t<div class=\"elementor-spacer-inner\"><\/div>\n\t\t<\/div>\n\t\t\t\t\t\t<\/div>\n\t\t\t\t<\/div>\n\t\t\t\t\t<\/div>\n\t\t<\/div>\n\t\t\t\t\t<\/div>\n\t\t<\/section>\n\t\t\t\t<\/div>\n\t\t","protected":false},"excerpt":{"rendered":"<p>Links Stadtverband Frankfurter Vereinsringe e.V. Vereinsring Unterliederbach e.V. H\u00f6chster Kreisblatt Frankfurter Rundschau J\u00fcrgen Lange (Eine Seite \u00fcber Unterliederbach)<\/p>\n","protected":false},"author":1,"featured_media":0,"parent":230,"menu_order":0,"comment_status":"closed","ping_status":"closed","template":"elementor_header_footer","meta":{"footnotes":""},"class_list":["post-1243","page","type-page","status-publish","hentry"],"_links":{"self":[{"href":"https:\/\/hgv-unterliederbach.de\/index.php?rest_route=\/wp\/v2\/pages\/1243","targetHints":{"allow":["GET"]}}],"collection":[{"href":"https:\/\/hgv-unterliederbach.de\/index.php?rest_route=\/wp\/v2\/pages"}],"about":[{"href":"https:\/\/hgv-unterliederbach.de\/index.php?rest_route=\/wp\/v2\/types\/page"}],"author":[{"embeddable":true,"href":"https:\/\/hgv-unterliederbach.de\/index.php?rest_route=\/wp\/v2\/users\/1"}],"replies":[{"embeddable":true,"href":"https:\/\/hgv-unterliederbach.de\/index.php?rest_route=%2Fwp%2Fv2%2Fcomments&post=1243"}],"version-history":[{"count":5,"href":"https:\/\/hgv-unterliederbach.de\/index.php?rest_route=\/wp\/v2\/pages\/1243\/revisions"}],"predecessor-version":[{"id":1248,"href":"https:\/\/hgv-unterliederbach.de\/index.php?rest_route=\/wp\/v2\/pages\/1243\/revisions\/1248"}],"up":[{"embeddable":true,"href":"https:\/\/hgv-unterliederbach.de\/index.php?rest_route=\/wp\/v2\/pages\/230"}],"wp:attachment":[{"href":"https:\/\/hgv-unterliederbach.de\/index.php?rest_route=%2Fwp%2Fv2%2Fmedia&parent=1243"}],"curies":[{"name":"wp","href":"https:\/\/api.w.org\/{rel}","templated":true}]}}